hat is the greatest common factor of 76725194 and 14?
14
What is the highest common factor of 13522444 and 1612?
52
Calculate the greatest common divisor of 14103804 and 3432.
1716
Calculate the highest common divisor of 22768 and 19162118.
2846
Calculate the greatest common divisor of 210 and 410020590.
210
Calculate the highest common factor of 91579 and 15827.
17
Calculate the greatest common factor of 2702 and 180978.
14
What is the highest common factor of 3689034 and 1510518?
6018
Calculate the greatest common factor of 9971184 and 172.
172
What is the highest common divisor of 171 and 9901261?
19
Calculate the highest common divisor of 79326 and 2.
2
Calculate the highest common divisor of 188162 and 81380.
26
Calculate the greatest common factor of 523468 and 17116.
44
What is the highest common factor of 79902 and 1574880?
1158
What is the highest common divisor of 5102320 and 158672?
752
What is the greatest common factor of 84 and 5009388?
12
Calculate the highest common factor of 4699420 and 3647.
521
What is the greatest common divisor of 127374 and 618378?
138
Calculate the greatest common divisor of 220 and 55628771.
11
Calculate the highest common factor of 96601328 and 16.
16
What is the highest common divisor of 140 and 39822140?
20
What is the greatest common factor of 46373281 and 76?
19
What is the highest common factor of 66 and 791108186?
22
What is the greatest common factor of 36 and 66298923?
9
Calculate the greatest common factor of 127027782 and 72.
18
What is the greatest common factor of 310 and 2528453?
31
What is the highest common divisor of 33754 and 169498?
14
What is the greatest common divisor of 32357172 and 81411?
7401
Calculate the greatest common factor of 7094479 and 791.
791
What is the greatest common divisor of 614628525 and 525?
525
Calculate the highest common divisor of 39527026 and 51532.
1982
What is the highest common factor of 2273571 and 3627?
279
What is the highest common divisor of 10055581 and 2514?
419
Calculate the highest common divisor of 2890502300 and 5396.
5396
What is the greatest common divisor of 1590 and 26670?
30
Calculate the highest common divisor of 2082 and 5799411.
1041
What is the highest common factor of 1646 and 344325094?
1646
What is the greatest common divisor of 1902014 and 30647?
19
What is the highest common factor of 445381846 and 2184?
182
What is the greatest common divisor of 25086109 and 752?
47
What is the highest common divisor of 1335573 and 13113?
279
What is the greatest common factor of 6735 and 4569435?
15
What is the highest common divisor of 116629741 and 17?
17
What is the greatest common divisor of 9089 and 55577?
149
Calculate the highest common factor of 216040 and 10648.
88
Calculate the greatest common divisor of 7696 and 1049542.
962
Calculate the greatest common divisor of 232 and 97074136.
232
What is the highest common factor of 2204948 and 39884?
236
What is the greatest common divisor of 395775 and 296775?
225
What is the greatest common divisor of 10731 and 1175154?
219
Calculate the highest common factor of 2404476 and 1332.
36
Calculate the greatest common divisor of 472924 and 3973.
137
What is the greatest common divisor of 80 and 2393278?
2
Calculate the highest common divisor of 689559955 and 35.
35
What is the highest common divisor of 104 and 3798498808?
104
Calculate the greatest common divisor of 1 and 2360569.
1
What is the greatest common divisor of 1080 and 246522420?
540
Calculate the greatest common factor of 3062738 and 1736.
434
Calculate the highest common divisor of 450 and 7420482.
18
Calculate the greatest common divisor of 69 and 15531.
3
Calculate the highest common factor of 882 and 14801283.
441
Calculate the greatest common divisor of 1313703 and 117.
9
What is the highest common divisor of 624979 and 8729?
29
What is the greatest common divisor of 288681268 and 1199?
109
Calculate the greatest common divisor of 703278972 and 9.
9
Calculate the greatest common factor of 21580 and 5124626.
26
What is the greatest common divisor of 598972960 and 580?
580
What is the greatest common divisor of 16360112 and 212?
4
Calculate the greatest common divisor of 1715 and 65434355.
245
Calculate the greatest common factor of 297301831 and 34.
17
What is the greatest common factor of 31647 and 263747?
11
Calculate the greatest common factor of 1124 and 241296948.
1124
Calculate the greatest common factor of 9804 and 6061968.
516
Calculate the greatest common factor of 299343333 and 19905.
3981
What is the greatest common factor of 34782786 and 2322?
774
What is the highest common divisor of 15860100 and 1044?
348
What is the highest common factor of 2507 and 9401468?
109
What is the highest common factor of 265100134 and 1362?
454
Calculate the highest common factor of 29501263 and 902.
451
Calculate the greatest common factor of 6745032 and 129528.
504
Calculate the highest common factor of 1282140 and 3995.
85
Calculate the highest common divisor of 1057813 and 31.
31
Calculate the highest common factor of 264 and 127507336.
88
Calculate the highest common divisor of 718710 and 70.
10
Calculate the highest common divisor of 5392 and 3864368.
16
What is the greatest common factor of 29390 and 16834592?
5878
Calculate the greatest common divisor of 3690 and 103725162.
738
What is the greatest common factor of 1675854 and 153?
9
Calculate the greatest common divisor of 49290210 and 5620.
2810
Calculate the greatest common factor of 374 and 173074429.
11
What is the highest common factor of 13160 and 68810?
70
What is the highest common divisor of 44887995 and 240?
15
Calculate the highest common factor of 7339 and 3046751.
41
What is the highest common divisor of 240640 and 25312?
32
Calculate the highest common factor of 846334 and 170424.
526
Calculate the highest common divisor of 12422 and 52166.
2
What is the highest common factor of 1357 and 277949?
59
Calculate the greatest common factor of 12288225 and 1425.
75
Calculate the highest common factor of 8022479 and 453.
151
What is the greatest common factor of 145400843 and 79?
79
What is the highest common factor of 382588 and 11312?
404
What is the highest common divisor of 63242 and 128326?
614
Calculate the highest common divisor of 20 and 8992468.
4
Calculate the highest common factor of 18226 and 59403441.
701
Calculate the highest common factor of 10416 and 19908448.
3472
What is the greatest common divisor of 5098024 and 504794?
1318
Calculate the greatest common divisor of 37740829 and 441.
49
What is the highest common factor of 674 and 11920?
2
Calculate the highest common divisor of 483796300 and 325.
325
Calculate the highest common divisor of 82 and 2720077760.
82
What is the highest common divisor of 3405412 and 115072?
3596
Calculate the highest common divisor of 22167348 and 2771.
163
Calculate the highest common divisor of 378 and 30804.
6
What is the highest common divisor of 8573457 and 151317?
1173
What is the highest common factor of 2394 and 5827338?
342
Calculate the highest common factor of 470616040 and 134.
134
What is the highest common divisor of 7111 and 599512?
547
Calculate the highest common factor of 24130 and 1056305.
95
What is the greatest common divisor of 10266213 and 513?
57
What is the greatest common factor of 649391 and 11555?
2311
Calculate the highest common factor of 204453075 and 8145.
2715
What is the greatest common factor of 26429 and 6061133?
247
Calculate the greatest common factor of 1758668190 and 51.
51
What is the greatest common divisor of 399 and 127965789?
21
Calculate the highest common divisor of 234 and 137048184.
234
What is the highest common factor of 18089282 and 2501?
41
What is the greatest common divisor of 1973833 and 164143?
179
Calculate the highest common divisor of 11290 and 117270.
10
Calculate the greatest common factor of 2805 and 2624655.
165
What is the highest common factor of 258 and 19060438?
86
Calculate the greatest common factor of 284450643 and 54.
27
What is the highest common divisor of 71133 and 93927?
393
Calculate the greatest common factor of 10750 and 1149520.
10
Calculate the greatest common divisor of 241142 and 1386.
22
What is the greatest common divisor of 56 and 18732